 7*j + 8. Let t be (-6)/15 + 93/(-5). Let h = t - -24. List the prime factors of d(h).
23
Suppose -30 = -4*s + 18. Let p be (32/s - 3)*-15. What are the prime factors of ((-33)/p)/(2/(-10))?
3, 11
Suppose 4*z + 6 - 22 = 0. Suppose -z*j + 3 = -81. Suppose 3*d = -5*c + d, 3*c - 3*d = j. What are the prime factors of c?
2
Let w be (-248)/(-12) - 4/(-3). Let s = w + -22. Suppose 9*a - 4*a + 5 = s, -a + 191 = 3*k. What are the prime factors of k?
2
Let a(l) = -l**3 + 4*l**2 - 2*l - 6. Let n be a(-3). Let f = n + -9. List the prime factors of f.
2, 3
Let x(z) = 127*z**2 - 7*z + 18. What are the prime factors of x(3)?
2, 3, 5, 19
Suppose -202 = -27*d + 13460. List the prime factors of d.
2, 11, 23
Suppose -2*j + 1642 = 2*r, 2*j = 4*j + r - 1647. List the prime factors of j.
2, 7, 59
Suppose 3*t + t - 8 = 0. Suppose 0*n + t*n + 6 = 0, p + 2*n = 37. List the prime factors of p.
43
Let c be (0 - -2 - -4)*-1. Let p = c + 12. List the prime factors of p/(-15) - (-126)/15.
2
Let j(x) be the third derivative of x**5/60 - x**4/12 + 3*x**3/2 + x**2. Let c(d) = d**3 + 9*d**2 + 9*d + 13. Let w be c(-8). List the prime factors of j(w).
2, 3
Let m be (-35)/21*(-4 - -1). Suppose o = 0, -d - 2*o + 48 = -m*o. What are the prime factors of d?
2, 3
Suppose 0 = s + 4*s. Suppose s = -2*v - 3*p - 1, -5 = p. List the prime factors of 1*-3 - (-38 + v).
2, 7
Let c be 3 + 0/((-2 - -4)*-1). Suppose -5*z = c - 103. List the prime factors of z.
2, 5
Suppose 0 = -4*h - 0*h - 4, 4*h = -o - 3. Suppose 4*c - 233 = -241. What are the prime factors of o/c + (-282)/(-12)?
23
Suppose 11*g = -11*g - 154. List the prime factors of (-2)/g*1 - 4644/(-14).
2, 83
Let b = -672 - -1128. Suppose 7*j = 3*j + b. List the prime factors of j.
2, 3, 19
Let a be (-1)/((-3)/6) + -1. Suppose 5*k + a = -14. Let t = k - -11. List the prime factors of t.
2
Let z be (-8)/(-12) + 1 + (-1005)/9. Let b = -29 - z. List the prime factors of b.
3
Let p(o) = 13*o + 519. What are the prime factors of p(-29)?
2, 71
Let j(n) = -n**3 - 14*n**2 - 15*n + 7. Let o be 39/7 - 4/7. Suppose 3*r = -12, -r + o*r - 36 = 4*d. What are the prime factors of j(d)?
3, 11
Suppose 0 = 65*t - 182645 - 11965. List the prime factors of t.
2, 3, 499
Suppose y - 3*y + 4 = 0. Suppose y*h = 7 - 35. List the prime factors of h/(-4)*(-4)/(-2).
7
Suppose -y = -2*y - x + 6, -6 = y - 5*x. Suppose -y*q = -46 - 58. Suppose 3*p + q = 134. List the prime factors of p.
2, 3
Let f(s) = -15*s**2 + 25*s - 176. Let v(y) = 3*y**2 - 5*y + 35. Let r(j) = 2*f(j) + 11*v(j). List the prime factors of r(-8).
5, 53
Suppose 0 = -2*a + 10. Suppose 20 = 4*t + 4, -a*u + 521 = -t. List the prime factors of u.
3, 5, 7
Let b be (-4)/4 - (0 - 1). Suppose 369 = 4*v + y - 2*y, b = 5*v + 2*y - 445. What are the prime factors of v?
7, 13
Let f = -776 + 1497. List the prime factors of f.
7, 103
Suppose -4*j + 5*i + 889 = 0, -5*i - 1 = 4. Let z = -62 + j. List the prime factors of z.
3, 53
Let g be 8/(1 - (-1)/(-2)). Suppose g*l - 21*l + 300 = 0. What are the prime factors of l?
2, 3, 5
Suppose -12 = -7*b + 9*b. Let t(j) = -6 - 3*j + 4 + 2 - 3. List the prime factors of t(b).
3, 5
Suppose 3*l + 2*b + 0*b = 10, 0 = -4*b - 4. Suppose 6 = 6*u - l*u. Suppose 0 = u*t - 9, -y - 2*y - 3*t = -42. What are the prime factors of y?
11
Let s be 20/6 + (-1)/3 + -6. List the prime factors of s - (5 + (-504)/4).
2, 59
Let x(y) = -17*y - 16. Let u(a) = 8*a + 8. Let p(v) = 5*u(v) + 3*x(v). List the prime factors of p(-11).
113
Suppose m - 439 = 2*v, -m = v + 2*v + 666. Let t = 477 + v. Suppose 4*h - t = 6*y - 4*y, 4*y = 0. What are the prime factors of h?
2
Let c = 8 + -4. Suppose 0*d = -c*d + 20. Suppose 0*j = -d*j + 10, -z + j + 26 = 0. What are the prime factors of z?
2, 7
Let m(w) = 71*w**2 - 2*w + 1. Let s be m(1). Let x = s + -37. List the prime factors of x.
3, 11
Suppose 11*u + 5*u - 51248 = 0. What are the prime factors of u?
3203
Let t = -116 - -187. Let j = -49 - t. What are the prime factors of (-2006)/(-30) + (-16)/j?
67
Let v(y) = y**3 + 8*y**2 - 9*y. Let p be v(-9). Suppose 8*c - 4*o - 1058 = 3*c, p = 4*c + o - 838. List the prime factors of c.
2, 3, 5, 7
Let m = -319 + 31. Let h = -202 - m. List the prime factors of h.
2, 43
Suppose f = 3*s - 1307, s - f = 10*s - 3925. What are the prime factors of s?
2, 109
Let l(d) = 2*d - 14 + 4*d + 952*d**2 - 950*d**2. Let h be 1 - 1 - 6*1. List the prime factors of l(h).
2, 11
Let l be -4 + -1 + 32/4. Suppose 34 = c - l*i, 221 = 3*c + 2*c + 2*i. List the prime factors of c.
43
Let x be 322/10 + (-1)/5. Let h = x - 20. What are the prime factors of h?
2, 3
Suppose -105 = -q - 14*q. Suppose 16 = 4*r + 4*l, l + 24 = -4*r + q*r. List the prime factors of r.
7
Let r be 3/9 + (-1407)/9. Let u = 119 - r. List the prime factors of u.
5, 11
Suppose 5*j + 0*j - h - 11 = 0, -4*j - 2*h = -6. Let m be (-62 + j)*3/(-3). Suppose 3*q - 63 + 4 = -4*r, -4*q + m = 4*r. List the prime factors of r.
2, 7
Suppose -w = 4*w. Suppose 5*h - 74 - 51 = w. Suppose -h = -7*k + 2*k. What are the prime factors of k?
5
Suppose 21*s - 17*s - 375 = -l, -5*l = -5*s - 1850. What are the prime factors of l?
7, 53
Suppose 0 = 5*h - 69 - 16. Suppose 77 = 5*y + h. Suppose -3*f + y = 3*f. What are the prime factors of f?
2
Let t(x) = -5*x**3 - 11*x**2 - 16*x - 16. Let v(j) = -j**3 + j - 1. Let g(u) = t(u) - 4*v(u). List the prime factors of g(-9).
2, 3
Suppose 2*z = -2*z - 4*s, 4*s = -2*z - 6. Suppose -2*v - 3*q + 47 = -62, -4*q = -z*v + 138. List the prime factors of v.
2, 5
Let p(j) = -2*j + 29. Let k be p(15). Let f(v) = 128*v**2 + v. List the prime factors of f(k).
127
Let h be (1 + -2)/(1/(-2)). Suppose -72 = -h*f + 58. Suppose -f = -5*b - 0*b. List the prime factors of b.
13
Let z(b) be the second derivative of b**3/2 - 7*b**2/2 + b. Let d be z(3). Suppose -4*c + 148 = -2*g + g, 0 = d*c - g - 74. What are the prime factors of c?
37
Let g = 430 - 255. List the prime factors of g.
5, 7
Suppose -2*o + 1 = 2*x + 7, -10 = 2*o. Let u = -32 + 37. Suppose u*g - 28 - 70 = 3*h, -g = -x*h - 14. What are the prime factors of g?
2, 11
Let d be 3/(-4) - (-988)/16. Suppose -3*f - 3*v = 2*f - 22, 0 = -3*f - 3*v + 18. Suppose -f*p = 3 - d. List the prime factors of p.
29
Let v(k) = 32*k**2 + 26*k + 14. List the prime factors of v(-5).
2, 3, 19
Let a = 38 + -28. Let u = a - -61. What are the prime factors of u?
71
What are the prime factors of 84/(-210)*-6505*1?
2, 1301
Let l be (-124)/(-2) + (19 - 10 - 6). Suppose -n - 4*s - 39 = 0, 5*n + s - 2*s + 174 = 0. Let o = l + n. What are the prime factors of o?
2, 3, 5
Let w(n) = -2*n + 22. Let x be w(-3). What are the prime factors of (-6 - 0)/6 + x*8?
223
List the prime factors of (-1518)/165*(0 - 5).
2, 23
Suppose 0 = 14*w - 3*w - 10472. What are the prime factors of w?
2, 7, 17
Let h(f) = f + 8. Let m be h(-3). Suppose m*r - 36 = 5*c - 6, -3*c - 26 = -5*r. What are the prime factors of 19 - (3 + -3 - c)?
17
Let f be ((-4)/6)/(9/1350). Let u = 178 + f. List the prime factors of u.
2, 3, 13
Let d be 4 + (12/3 - 10). Let w be 240/(-12) + 1*d. Let s = w + 29. What are the prime factors of s?
7
Let a(n) = 8*n**2 + 7*n - 56. List the prime factors of a(9).
5, 131
Let r(a) = -a**3 + 10*a**2 + 6*a - 25. List the prime factors of r(-9).
2, 5, 73
Suppose -7*w = 2125 - 13066. What are the prime factors of w?
3, 521
Suppose 3*z = -348 - 27. Let p = -60 - z. What are the prime factors of p?
5, 13
Suppose 36*f = 28*f + 936. List the prime factors of f.
3, 13
Let c = 2294 - 1212. Suppose -7*q + c = -346. List the prime factors of q.
2, 3, 17
What are the prime factors of 2/12 - (-231477)/342?
677
Suppose -z - 896 = -3*x - 0*z, -x = -z - 298. List the prime factors of x.
13, 23
Let r = -3 - -3. Suppose -4*u - 5*i - 9 = r, 0 = -4*u - 7*i + 4*i - 7. Let c = 19 - u. List the prime factors of c.
2, 5
Let d(p) = 19*p**3 - p**2 + 2*p - 1. Let g be (-12)/(-48) - 15/(-4). Suppose 2*j + 2*j - g = 0. List the prime factors of d(j).
19
What are the prime factors of (-155)/17 - -9 - 12414/(-34)?
5, 73
Let k(p) = p - 4. Let l be k(6). Suppose -4 = -3*t + l*t. Suppose 3*w = t*w - 38. What are the prime factors of w?
2, 19
Let c(o) = 2*o**2 + 12*o - 11. Let i(h) = h. Let l be i(-9). What are the prime factors of c(l)?
43
Let l = 66 + -130. Let y = 110 + l. What are the